 - 4)?
23
What is the value of 26 - -3 - (8 + -15 + 41)?
-5
What is the value of -5 - (-64 + 14 - 7)?
52
Calculate -13 + 11 + (24 - 23) + 1 + 11 - -1.
12
(45 - (-26 + 65)) + -6
0
Calculate -16 + 1 - (14 - (149 + -118)).
2
Calculate 1 + 5 + (41 - (-32 + 24 + 114)).
-59
Calculate (-9 + 0 - (-18 + 6 + 4)) + -135 - -8.
-128
Evaluate 0 + -14 - (370 + -361) - -47.
24
Calculate -20 + 31 + -40 - -52.
23
Evaluate -184 + 157 + 18 + 2 + -39.
-46
What is the value of -16 + (9 - (-17 - (-15 + 15) - 6))?
16
Calculate 32 + 16 + (-25 - 3) - 99.
-79
32 - 9 - (78 + -42 + -17)
4
11 + -94 + 67 + 47
31
What is the value of (-34 + 14 - 14) + 24 + -6?
-16
Calculate (-16 - -5 - -3) + -2 + -9.
-19
69 - (-121 + -15 + 109)
96
Evaluate -86 + 132 - (2 - (-1 - -8) - -10).
41
What is the value of -8 - (6 - 9 - ((13 - (6 - -2)) + -12))?
-12
What is (-963 - -952) + (43 + 2 - -3 - -1)?
38
What is -46 - (36 - (-23 - -17 - -23) - 13)?
-52
Calculate -13 + (-4 + 15 + 7 - 34 - -96).
67
What is the value of (-6 - (-8 - (8 + 3 + -10))) + -31 + 1?
-27
Evaluate -3657 - -3637 - (35 - -2).
-57
Evaluate (1 + -20 - (-274 - -276)) + (-7 - 5) + 2.
-31
What is the value of ((-53 - -5) + 59 - 3) + (1 - (-1 + -10))?
20
What is the value of (-39 - -74) + 19 - 61?
-7
What is the value of 1 + -1 + 61 + (15 - -7) + -9?
74
95 - (1 - (-16 + (-3 - -8) + (0 - 0)))
83
(0 - (-7 - -2)) + 98 + (19 - (31 + -23))
114
What is the value of -76 + (56 + -3 - 12)?
-35
What is the value of -17 + -10 + -2 + 21 - (-5 - 48)?
45
Evaluate -26 - (-4 + (-11 - -8 - -1) - (-8 - -4)).
-24
Calculate -138 - (-101 - -21) - -9.
-49
-6 - ((9 - 2) + -6 + (-4 - 4)) - -20
21
Evaluate -15 + 5 - (0 + -2 + 4) - (-13 + 13).
-12
Evaluate (-3 + 0 - -1) + (36 - -44 - 89).
-11
What is ((98 - 113) + 1 + -5 - -20) + (-36 - 0)?
-35
Evaluate 1 + 82 + (-1192 - -1120).
11
-6 + ((-19 - -33) + -25 - (-10 - -1) - -7)
-1
What is -99 + -13 + -16 + -34 + 55?
-107
Evaluate (-17 - (-12 + 1)) + -2 + 7 + 49.
48
What is the value of 0 + -49 - (-19 + (-18 - -33))?
-45
Calculate -9 + (-2 - (5 - -2 - -11)) + 10.
-19
Calculate 0 - (-7 - 0) - ((-1 - 10) + 14 + -1).
5
Calculate 2 + -3 + 311 + -301 - (-1 - -133).
-123
Calculate -8 + (6 + 71 - 8).
61
What is the value of -57 + (-48 + 163 - 38)?
20
Calculate -43 - 2 - (7 - 9).
-43
35 - (0 - -1) - (-5 + -5)
44
What is 49 - 1 - (-849 + 865)?
32
Calculate -27 + 77 + -52 + 27.
25
What is the value of (5 - 3) + 15 + -12 - 6?
-1
Evaluate 9 + -14 - (0 - -13) - (-39 - 0).
21
What is the value of (11 - (-7 + 13)) + 12 - (-5 - -12)?
10
-49 + 1 + (-1 - -1) + (385 - 373) - 11
-47
(4 - (20 + -19)) + 27 - -17
47
What is the value of -576 + 564 - (-1 - -33) - -8?
-36
What is the value of (-40 - -20) + -6 + 13 + 27 + (-1 - 1)?
12
79 - (7 - 54 - (-3 - -3))
126
Evaluate -2 + 0 - (-6 + 7 - -6) - (-26 - -52).
-35
(-9 - 4) + (38 - -26)
51
What is -119 + 7 - (521 - 519)?
-114
Calculate (6 - 11 - -10) + (-7 + 23 - 19) + 15.
17
5 + -3 - (17 + -42 + 20)
7
What is the value of -1837 + 1822 - (-42 + -2 + 1)?
28
What is 3 + -9 + 50 + 0 + (489 - 504) - -10?
39
Evaluate 1 + -66 - (-663 + 667).
-69
What is (36 + -2 - -11) + -13 - -50?
82
Calculate (-12 + 16 + -9 - (2 - 45)) + -9.
29
-180 - (54 + -214) - (-3 - -60)
-77
(-6 - -5 - -2 - 0) + -11 + 34
24
(19 - 31) + (-3 + -2 - 21)
-38
What is 5 + -27 - (-1443 - -1457)?
-36
-137 + 16 - (-7 - (6 + (3 - (14 - 7))))
-112
Evaluate (65 + 3 - 9) + (6 - 27).
38
208 + -171 + 1 + 1 + (-7 - -3)
35
Calculate (-1 + -44 + 0 - (90 - 94)) + (-1 - -5).
-37
Evaluate -14 + 33 - (-5 + -13 - (20 + -17)).
40
What is the value of (-16 - (7 + -21 + -11)) + 14 + 0?
23
What is -304 + 273 + -13 + -1 + -4 + 21 + -5?
-33
What is (-1 - 162) + -137 + 130 + 3 + -7 + 26?
-148
What is 21 + -204 + 177 + -1 + (-3 - 0)?
-10
Calculate -11 - -34 - (10 - -2) - (-8 + 36).
-17
12 + (39 - ((7 - -32) + -23))
35
What is the value of -6891 + 6826 - (-2 + -10)?
-53
Evaluate -15547 + 15602 + -2 + 1 + 2 + 10.
66
90 - (43 - (8 + 18) - -4)
69
What is the value of 352 + -396 - (8 + -2 - 34)?
-16
-11 - (-5 - -3 - 15) - -4 - -13
23
Calculate (46 - 104) + -2 + 13.
-47
Evaluate -2 + (6 - 2 - 9) + 6 + (2 - -47).
48
What is (-118 - -128) + (4 - (7 - (2 + 1)))?
10
What is the value of -1 + 5 - (2232 - 2192)?
-36
Calculate (147 - (140 - 83)) + -74.
16
Evaluate (-23 - -1) + -37 + 49 + -65 + -17.
-92
Evaluate (-16 - 28 - -10) + 6 + -9.
-37
Evaluate -60 + 0 - -4 - (26 + -17 - (9 + -3)).
-59
Calculate -57 - (-88 - (17 - 55)) - (-1 - -16).
-22
Evaluate 65 + 5 + -152 + 42.
-40
0 - 13 - (-198 + 36 + 138)
11
What is -8 + 3 - (-5 - 3) - (-16 + 20 + 59)?
-60
Calculate (13 - (-10 - (-16 - (4 + -5)))) + 4.
12
(7 + -54 - -71) + (0 - 10) + -14
0
Calculate (-1 - (-7 + -2)) + (-17 - (10 - 157)) + -6.
132
What is (12 + (8 - 1 - 9) - 2) + (-1 - -39)?
46
What is the value of (-9 - -22) + -24 + (-2 - -3) + (0 - 12)?
-22
Calculate -14 + (4 - (21 - 2)) + -2.
-31
What is -7 - ((88 - (28 - -15)) + -48 - (77 - 0))?
73
What is the value of -5895 + 5786 - ((3 - -23) + -3 - 1)?
-131
-3 - 22 - (816 + -819)
-22
(-35 - (-7 + 58)) + (-14 - (2 - 10))
-92
Evaluate -28 - 2 - (98 - 225 - -41).
56
Calculate 42 - (44 + -66 + -27).
91
What is the value of 983 + -983 + -1 + -13?
-14
What is (19 - 20) + (50 - 0) + -3 + -1?
45
(-41 + 5 - (15 + -23)) + (9 - (-1 - -3))
-21
-10 + 11 - (0 - (-94 + 31 + -23))
-85
What is the value of (-4 - -2) + 9 + -4 - ((10 - -67) + -68)?
-6
What is (-29 - -79) + -46 - ((-1 - -15) + -3)?
-7
What is the value of (4 - 4) + -80 + (13 - (4 + (4 - 5)))?
-70
What is (0 - 8 - -13) + (3 - 3 - -32) + -1?
36
Calculate 1 - (1 + 4) - ((4 - 9) + 1).
0
Calculate 11 + (7 + -9 + -6 - (-1 + 2)) - 19.
-17
-6 - -2 - ((16 - 12 - 3) + 16)
-21
Evaluate -2 + -76 + (-9 - (-13 - 2) - 5) - 8.
-85
What is the value of -105 - (152 - 89 - 48)?
-120
-456 + 397 - (-10 - 0 - (10 + -7))
-46
Evaluate 21 - (55 + -118) - 42.
42
What is 0 + 21 + (-62 - (118 + -117))?
-42
-9 - (2198 - 2221 - ((6 - -1) + 0))
21
-13 + (5 + 28 - (3 + 8))
9
Evaluate 6 + (-19 + 73 - 83).
-23
What is the value of 39 + (-2 + -33 - -19) - 10?
13
Calculate 20 + -1 + (1817 - 1723).
113
What is 108 + (-196 - -225 - (0 - -47))?
90
-31 + 13 + (115 - 43) + -64
-10
(-9 - -5) + -20 + (-28 - -60)
8
Evaluate 14 - (17 - (-32 + 16)).
-19
What is 4 + -4 + 9 + (-17 + 14 - 42)?
-36
147 + (-1311 + 1333 - (63 + -2))
108
Evaluate 6 - (10 + -17) - (-275 - -362).
-74
What is the value of -25 + -187 + 285 + 0 + -12?
61
-2093 - -2103 - (0 + -2 + 24 - -3 - -3)
-18
Evaluate -372 - -363 - (2 - (-1 - -62)).
50
(-165 + 76 - -123) + (2 - 133)
-97
What is (-93 - (-48 + 65)) + 60?
-50
Evaluate 13 + -18 + -15 - (-108 + 85).
3
(96 + -1 - (24 - (12 + 17))) + (3 - -1)
104
Evaluate 10221 - 10232 - (-2 + 0 - (9 - -1)).
1
Calculate 15 + 21 + 14 + -12 + -125 - -16.
-71
What is the value of (-68 - (-20 + -32)) + 149?
133
(17 - (-55 - -47)) + -22
3
What is -333 + 378 + (-77 - 4)?
-36
Evaluate 206 + -66 + -59 + -61.
20
(56 + (150 - 228) - (-18 + -1)) + -28 + 1
-30
-7 - (0 - 2) - -2 - (-1586 - -1575)
8
Calculate 1 + (-4 + 82 + 10 - -9 - 10) - 12.
76
1 + (-4 - 0 - 2) + (-50 - (-132 - -9))
68
-53 - (0 + 13 - (-33 - -43) - 6 - 7)
-43
What is 9 + 1 - ((-3215 - -3207) + (18 - (0 + 1)))?
1
What is 33 + -39 - ((-2 - -6) + -20) - (-50 + 1)?
59
Calculate (9 - -2) + -18 + 57 + -16.
34
What is the value of 53 - (-101 - (-43 - 173))?
-62
(-35 - (-1 + 0)) + (-24626 - -24640)
-20
Calculate -1151 + 1224 + (3 - -8 - 1).
83
What is the value of 11 - (41 - -2) - 31?
-63
Evaluate -3 - (-7 + (4 - 11) + -6 + (-95 - -9)).
103
Evaluate 80 + ((-6 - -25) + -6 - (4 - -20)).
69
Evaluate 3 + 11 + 31 - 33.
12
What is the value of 6 - 4 - (7 - (28 - 9) - 47)?
61
Calculate (-4 - -8 - 10) + 20 + -16 - (29 - -7).
-38
Evaluate 59 - (-27 + -26 - -66).
46
Calculate 50 + 24 - ((-6 - -31) + -2).
51
79 - (8 + 39) - 70
-38
Evaluate -5 - (5 + 6) - -4 - -1 - (1 - -99).
-111
Evaluate 36 - 101 - (-19 - 0) - -12.
-34
Evaluate 69 - (5 + 10 - -23).
31
What is the value of (-2 - -18) + (-59 - (-10 + -10))?
-23
Evaluate 1 + -5 + 0 + (0 + -3 - (716 - 719)).
-4
-2 + 17 + 64 + -29 + -24 - (-3 + -8)
37
Evaluate 805 + -807 + (4 - -1) + -17.
-14
-1 + 4 - (-44 + 36 + -44 + -9)
64
Evaluate 1 + (10 - 45 - 3) - 1.
-38
95 + (-10 - (33 - -52))
0
(-15 - (-4 + -17) - 22) + 44
28
What is (-267 - -185) + (-14 - -3) - -34?
-59
Calc